*v = -t - 13*v + 47. What is the remainder when 49 is divided by t?
22
Suppose -m + 10*m = 108. Calculate the remainder when 6*(-1)/2*(-11 + -16) is divided by m.
9
Let m be -6 + 13 + -1 - 9. What is the remainder when 17 is divided by ((-396)/8)/11*6/m?
8
Suppose -3*a + 2*x + 8995 - 894 = 0, -5*x = a - 2672. Calculate the remainder when a is divided by 30.
27
Let r = -773 + 329. Let m(u) = u**3 - u + 16. Calculate the remainder when (60/80)/(885/r + 2) is divided by m(0).
15
Let u(d) = 11 - 3*d + 10*d - 8 - 8. Calculate the remainder when u(7) is divided by 36.
8
Calculate the remainder when (-119)/(-17) + 5 + 19 + -3 is divided by 11.
6
Let a(q) = 6 - 10*q**2 - 7*q + 14*q**2 + q**3 + 3. Let r = -30 - -25. What is the remainder when 72 is divided by a(r)?
15
Let h(n) = n**3 - 10*n**2 + 17*n - 3. Let k be h(8). Suppose 0 = -k*s + 6*s + 2. What is the remainder when 47 is divided by (2 + 4)/((-9)/12)*s?
15
Suppose -269*z + 5516 = -2016. What is the remainder when 252 is divided by z?
0
Let t(g) = 59*g**2. Let m = -41 - -27. Let k(q) = q**2 + 15*q + 15. Let s be k(m). Calculate the remainder when t(s) is divided by 16.
11
Suppose -6*y + 54 = 3*y. Suppose 0 = -y*t + 4*t. Suppose -5*d = 15, 160 = -t*n + 5*n - 5*d. Calculate the remainder when 56 is divided by n.
27
Let d = 887 + -846. What is the remainder when 82 is divided by d?
0
Suppose -39 - 33 = -4*w. Suppose -8*o + w = -2*o. Suppose -275 = -3*n - c, o*c - 235 = -3*n + 50. Calculate the remainder when n is divided by 13.
12
Suppose -8*o + 13*o = -36585. What is the remainder when (-3)/(-15) - o/15 is divided by 98?
96
Suppose -5*p - 5*y = -205, 3*y - 6 = -4*p + 153. Calculate the remainder when 4138 is divided by p.
34
Suppose 5*q = 5*r + 870, 4*q + 43*r - 39*r = 728. What is the remainder when 16374 is divided by q?
176
Suppose 5*s + 5*y + 30 = 4*s, 0 = 4*s - 4*y + 144. Let j = s - -42. Suppose -201 = -j*u + 4*u. What is the remainder when u is divided by 14?
11
Suppose -24*x + 20*x = -3*f + 139, 12*x - 101 = -5*f. Calculate the remainder when 587 is divided by f.
32
Let s(m) = 12*m**2 - 21*m - 20. Let y(a) = -17*a**2 + 31*a + 30. Let w(l) = -7*s(l) - 5*y(l). What is the remainder when 80 is divided by w(11)?
11
Suppose 4*t - 51 - 9 = 0. Suppose 0 = 5*x - 2*o - 6, 4*o = -5*x + 32 - 14. What is the remainder when t is divided by x?
1
Let u(k) = k + 13. Let x(q) = 9*q - 37. Let w(n) = -18*n + 75. Let f(d) = -3*w(d) - 5*x(d). Let o be f(6). Calculate the remainder when u(o) is divided by 8.
3
Let v = -94 - -380. Suppose -1172*j + 14416 = -271*j. What is the remainder when v is divided by j?
14
Let m be 5/(-1 - (-6)/9). Calculate the remainder when 86 is divided by m/20 - 1050/(-56).
14
Suppose -11781 = 6*q - 125*q. Calculate the remainder when q is divided by (-2 + 1)*(-62)/2.
6
Let u(t) = 27*t - 366. Let a be u(14). Suppose l + a*l = 468. Calculate the remainder when l is divided by 10.
6
Suppose 489*z - 216752 = 185*z. Calculate the remainder when z is divided by 218.
59
Suppose 1143 = 42*b - 33*b. Suppose b = 13*m + 75. Calculate the remainder when 88 is divided by m.
0
Let p be (1 + -1)/((-6)/(-3)). Suppose f + 121 = -p*u + 2*u, 3*u = -4*f + 198. Let n = 201 + -192. Calculate the remainder when u is divided by n.
8
Let b = -139 - -356. Suppose -4*u = -b - 91. What is the remainder when u is divided by 15?
2
Suppose 0 = 13*s - 2796 - 6824. Let a = s - 685. Calculate the remainder when 161 is divided by a.
51
Suppose 585 = 3*w + 2*w. Let g be 4/(-16) - (-21)/(-28). Calculate the remainder when w is divided by 241/8 + g/8.
27
Let g = -4 + 14. Suppose -23*y = -81*y + 2428 - 804. What is the remainder when y is divided by g?
8
Let u = -2167 + 2175. Calculate the remainder when 128 is divided by u.
0
Let i(w) = 2*w**2 + 25*w + 100. Suppose 621 = -11*d + 577. Calculate the remainder when 219 is divided by i(d).
27
Let o = 14809 - 14803. What is the remainder when 2517 is divided by o?
3
Let z(j) = -2*j - 17. Let a be z(-11). Let q(t) = 3*t**2 - 11*t - 1. What is the remainder when 54 is divided by q(a)?
16
Suppose 4 = -7*a + 32. Suppose 0 = -0*p + a*p + 12, -g - 3*p + 189 = 0. Let s = -51 + g. What is the remainder when s is divided by 37?
36
Let n(u) be the third derivative of -7*u**2 + 1/120*u**6 + 0 - 1/8*u**4 + 0*u + 1/20*u**5 + 1/6*u**3. Calculate the remainder when n(-3) is divided by 6.
4
Let t(h) = 68 - 9*h + 0*h - 26*h - 17. Let p be t(-13). Suppose 15*y = p + 1774. What is the remainder when y is divided by 51?
50
Suppose -3*b + 3*o = 3, 5*b = o - 6*o + 5. Suppose 14*d = -b*d + 5348. What is the remainder when d is divided by 32?
30
Suppose -m + 4*d = -283, 5*d = -26*m + 21*m + 1515. What is the remainder when 309 is divided by m?
10
Suppose -5*w + 3*a - 5*a + 229 = 0, -144 = -3*w + a. Suppose 4*k - 28 = -4*g, 0 = 8*k + 4*g - 19 - 33. What is the remainder when w is divided by k?
5
Let z(m) = -m**3 - 8*m**2 + 61*m + 485. What is the remainder when 705 is divided by z(-10)?
30
Let q(g) be the second derivative of 91*g**3/6 - 33*g**2/2 + 88*g. What is the remainder when q(3) is divided by 35?
30
Suppose 4*k = -0*k + 4*y + 8, 3*y = -4*k + 8. Suppose -k*o = 22 - 26. Let u(x) = -x**3 + 8*x**2 - 5*x - 10. What is the remainder when u(7) is divided by o?
0
Suppose -3*d = 30 - 27. Calculate the remainder when -1 - -3 - (-2 + 105)*d is divided by 36.
33
Let j(s) = s**2 + 70*s + 13. What is the remainder when 47 is divided by j(0)?
8
Let l(d) = d**3 + 11*d**2 + 8*d - 17. Let v be l(-10). What is the remainder when 255 is divided by 130/v*(4 + (-25)/10)?
60
Suppose -14625 = -0*c - 5*c - 4*c. What is the remainder when 6514 is divided by c?
14
Let w = -199 - -252. Calculate the remainder when (-4)/(-4 + 1035/260) is divided by w.
49
Let g(n) = -420*n + 5653. Calculate the remainder when g(11) is divided by 28.
25
Let d(l) = 0*l**3 + 0 + l - 4*l**3 - 6*l**3 + 1. Suppose 5*p = -3533 + 3673. What is the remainder when p is divided by d(-1)?
8
Suppose -v + 3*d + 4 = 0, -4*d = 4*v - v + 1. Let n(u) = 22*u + 0 + 1 + 2. Calculate the remainder when n(v) is divided by 7.
4
Let h be (3 + 42/(-7))/3. Suppose 0 = -5*t + 59 + 256. Calculate the remainder when t is divided by (6/4)/(126/(-132) - h).
30
Calculate the remainder when 4509/5 + (-28)/(-7)*7/(-35) is divided by 43.
41
Let z = 77 + -44. Let f = -67 + z. Calculate the remainder when 50 is divided by (f/(-6))/((-18)/(-54)).
16
Let v be (-10 - (-241598)/(-238)) + 4/34. Let f = 1059 + v. Let m(k) = -k**3 - k**2 + 4*k. Calculate the remainder when f is divided by m(-3).
4
Suppose t + 0*d - 3*d - 62 = 0, -116 = -3*t - d. Calculate the remainder when 387 is divided by t.
18
Suppose -n - z = -9, 2*n + 4 - 20 = -4*z. Suppose 6*u - 48 = -n*u. Calculate the remainder when 44 is divided by u.
2
Let l be ((-80)/28)/((-2)/7). Let y(n) = 8*n - 200. What is the remainder when (-6)/l - 606/(-10) is divided by y(27)?
12
Let h = -917 + 1309. Suppose 398*i - h*i - 1308 = 0. What is the remainder when i is divided by 22?
20
Suppose 4*d - 252 = -2*g, g - 3*g = -d + 68. What is the remainder when 211 is divided by d?
19
Let x be (14 - 3) + -6*1/2. Let l be (2/(-12)*-3)/(2/x). What is the remainder when (-31*1)/(1 - l) is divided by 8?
7
Let k = 18476 + -18339. What is the remainder when 430 is divided by k?
19
Let g(y) = -2500*y**3 + 3*y**2 + 37*y + 36. What is the remainder when g(-1) is divided by 8?
6
Suppose f - 1 = -3*m, -5*f + 2*m + 0*m + 56 = 0. Suppose -2*k - 264 = -f*k. Suppose 140*g - 143*g = -k. What is the remainder when 20 is divided by g?
9
Let t be ((-12 + 5)/21)/(2/(-48)). Suppose -t*a - 5*a = -442. What is the remainder when 120 is divided by a?
18
Suppose -a = -3*c + 504, 3*c - 34*a = -36*a + 513. What is the remainder when 517 is divided by c?
10
Suppose 0 = 25*b + 41*b - 20*b - 3266. What is the remainder when b is divided by 11?
5
Let a(c) = -266*c - 4380. Calculate the remainder when a(-21) is divided by 35.
16
Let a(f) be the third derivative of -f**5/15 - 161*f**4/24 + 29*f**3/3 + 87*f**2 + 2*f. What is the remainder when a(-40) is divided by 5?
3
Suppose 2779*j = 2794*j - 570. What is the remainder when 8625 is divided by j?
37
Let l = 1765 + -1763. Calculate the remainder when 611 is divided by l.
1
Suppose -1 - 19 = 5*u, 4*i - u = 880. What i